uppose -2*r + n - 6*n - 9 = 0, n = -r + 3. Let q(k) = 74*k**2 - 6*k + 33. Is q(r) a composite number?
False
Suppose -l + 4*s = -275579, 0 = -3*l - 5*s + 10*s + 826744. Suppose -14*g = 7*g - l. Is g a prime number?
False
Suppose 2*f + 2*t = 16, -f + t = -5*f + 20. Suppose -2*x + 18020 - 5258 = 2*h, 0 = 4*x - 3*h - 25496. Suppose -109 = f*m - x. Is m prime?
True
Let m(y) = -12 + 3*y**2 - 17 + 25 - 2*y**2. Let f be m(3). Suppose -9*h = -f*h - 1180. Is h a prime number?
False
Suppose -12 = -7*o + 9. Suppose -74573 = -4*i + 5*p, -6 - 9 = o*p. Is i a prime number?
True
Suppose 8*q + 17 - 1 = 0. Let a be 7 + -5 + (0 + q)/(-2). Is 3352/a + 10/(-30) composite?
False
Is (10/1 + 39/(-13))/(9/213093) a composite number?
True
Let p = -4024297 + 6056456. Is p composite?
False
Suppose -3*a = 2*l - 0*a - 1673, -2*l + 3*a = -1691. Suppose 8270 = -l*x + 846*x. Is x a prime number?
False
Let m(x) = 93*x - 1. Suppose 2*i - 3*f = 132 + 15, 0 = -4*f + 20. Let b = i - 75. Is m(b) a composite number?
False
Let w(d) = -5150*d - 7. Let i be w(-1). Suppose 6*q - i - 755 = 0. Is q a composite number?
False
Suppose -5*s = -1969 + 1954. Suppose 0 = -4*p + m + 26438, -4*p + 16182 = -s*m - 10260. Is p prime?
False
Let q = 16718 + -9985. Is q a composite number?
False
Let n = 61 - 63. Let a be 15*n*(-5)/15. Suppose 0 = 2*x + a, 2*i = -2*x + 3300 - 588. Is i a prime number?
True
Let b be (255/(-6))/((-4)/8). Suppose 74*z = b*z - 22561. Is z prime?
False
Let w = -116 - -68. Let u = 50 + w. Suppose y + 2*y = u*m + 1507, 5*y - 2505 = 2*m. Is y a prime number?
True
Let m be 4/(-7) - (-4 - 3191688/(-56)). Let z = m + 94078. Is z a composite number?
False
Suppose 0 = -255*f + 71226685 - 1604290. Is f a prime number?
True
Let y be (-5)/((-40)/(-12)) - 22/4. Is (-4 - -1) + -8 + (10095 - y) a composite number?
False
Let l(x) be the second derivative of -1895*x**3/6 + x**2 - 6*x. Let i(s) = s - 1. Let b(t) = 4*i(t) + l(t). Is b(-1) composite?
False
Let q = 7898 - -38415. Is q prime?
False
Suppose -4*f - 5*b + 88 = -f, -4*f + 3*b = -156. Is (f/(-12) - 655)*(-2)/4 prime?
False
Let l(c) = 705*c**2 - 13*c + 32. Let p be l(4). Let n = p - 7621. Is n a composite number?
True
Let n be (5 + 2/2)/((-74)/259). Let p = n - -24. Is -1*(-3016)/4 + -1*p prime?
True
Suppose -64*q + 21 = -57*q. Is -4 + q + 2*1911 a composite number?
False
Let n = 325 - 315. Suppose s = -g + 1652, 3*s - 4932 = -5*g + n*g. Is s a prime number?
False
Let m(s) = s - 6. Let t be m(7). Let o be t/(-3) + -4*(-186)/72. Is (1780/25)/(4/o) prime?
False
Let q(w) be the second derivative of -w**4/6 + 13*w**3/6 - 11*w**2/2 - 13*w. Let z(d) = -d**3 + 3*d**2 - 26*d + 22. Let a(u) = 5*q(u) + 2*z(u). Is a(-5) prime?
False
Suppose 0 = 2*d - d - 5*d + 679948. Is d composite?
False
Suppose 9*b = 4*b + 70. Let x be 36/b + (-12)/21. Is x/(1/993*3) a prime number?
False
Let f(h) = -6*h - 128. Let j be f(-22). Suppose 0 = -j*m + 23473 + 7639. Is m a prime number?
False
Let q be 992971/14*-2 - 3. Is q/(-24) + 5/((-15)/(-1)) prime?
False
Let z = -64523 + 102232. Is z prime?
False
Let k = 238 - 1383. Let y = 432 - k. Is y composite?
True
Suppose -22*s - 49*s + 1595144 - 430531 = 0. Is s a composite number?
True
Let i(o) = 8413*o + 1446. Is i(5) a prime number?
False
Let p(u) = 199*u**2 + u - 1. Let s(j) = j**3 + 9*j**2 + 12*j + 34. Let i be s(-8). Is p(i) prime?
True
Suppose -v - 5*c + 106 = -2*c, 0 = -5*c + 10. Let k be (-283)/((-46)/v - (-1)/2). Let l = k - -11796. Is l composite?
False
Is (-5 + (-13)/3)/((-132)/22159863) composite?
True
Let g be -1*(-6)/(3/(-1)). Let h be (-8)/g + -2 - (-48)/4. Let j = h - -315. Is j prime?
False
Let j(q) = 2*q**3 - 45*q**2 - 16*q + 28. Let s be j(22). Let d = s - -6731. Is d a composite number?
False
Suppose -26*h = -21*h - 35. Suppose -4*j = h*j - 25861. Let u = j - 1530. Is u composite?
False
Is (6628/8*-142)/(27/(-27)) prime?
False
Suppose 3*z - 13*z = 4970. Let r be (-17*z/(-21))/((-2)/6). Suppose 317 + r = 12*p. Is p prime?
True
Suppose 0 = -3*i - 2 + 17. Suppose r - 35 = 2*u, -r + 31 = i*u - 39. Suppose -r*m + 40*m = -35. Is m composite?
False
Let f = 297365 - 120978. Is f a prime number?
False
Suppose x + 14 = 4*y, 2*y - 7*y = -4*x - 1. Suppose 0 = -x*z + 9*z. Is 26*(z - 22/(-4)) composite?
True
Let u = -134352 - -236926. Is u prime?
False
Suppose 3*y - 1948821 = 5*x, 5*y = x - 0*x + 3248035. Is y composite?
True
Let z be -2 + -1 - (-4 + 1). Let i(o) = 990 + 680 - 2*o + o - 505. Is i(z) a composite number?
True
Let r = -48613 + 146384. Is r composite?
False
Let f = 1140 - 9. Let b = -412 + f. Is b prime?
True
Suppose 2193*z - 2208*z = -4760985. Is z a prime number?
True
Suppose 6 - 4 = w. Let s be 2*(w + (-21)/6). Is -5 - s - 1501/(2/(-2)) prime?
True
Suppose -3*q + l + 377522 = 0, l = -3*q + 6*l + 377494. Is q prime?
False
Let n(v) = 3363*v**2 + 29*v - 105. Is n(5) a composite number?
True
Let h = 1320 + -3417. Suppose 4*x + 12007 = 3*v, -v - 603 = -2*x - 6608. Let c = h - x. Is c a composite number?
False
Let w(b) = -11 - 200*b - 4*b**2 + 391*b - 195*b - 214*b**3. Is w(-4) prime?
False
Let q = -21920 - -62239. Is q a prime number?
False
Suppose 4*i - 16 = 0, -z = -i - 2114 - 1292. Suppose z = 3*h - 9625. Let b = -2880 + h. Is b composite?
True
Suppose 0 = -4*a - 4719 - 18445. Let g = -13141 - a. Let i = 10701 + g. Is i prime?
False
Let o(a) = a**3 + 15*a**2 + 2*a + 15. Let w = 29 - 27. Suppose -v - 15 = -w. Is o(v) a prime number?
False
Let g(d) = 279 + 253 - d - 2*d**2 - 9*d + 435. Is g(0) composite?
False
Let w(v) = -8148*v**3 + 5*v**2 - 4. Is w(-1) a prime number?
False
Let q = 14 + -18. Let m(n) = 599*n**3 + 3*n**2 + 9*n + 2. Let j be m(q). Is (-3)/(-2)*j/(-27) a prime number?
True
Suppose -4*p = -14*p + 60. Suppose 5*x + p = -4*d - 3, d = -2*x. Is (-1476)/(-2) - (d + (0 - -5)) a composite number?
False
Let h be (8 - 1)*(8/28 - 0). Is ((-2)/8)/((1 + h)/(-38436)) a composite number?
False
Let n = 134 - 129. Is n/(-2)*32998/(-35) a prime number?
True
Let h(f) = 798*f**2 - 88*f + 3871. Is h(30) composite?
True
Let d(j) = 536*j + 69643. Is d(0) composite?
True
Suppose -19534 = -5*y - 2*f, -2*y - 4*f + 8620 = 816. Suppose -11*g + 675 = 422. Suppose g*m - y = 19*m. Is m composite?
False
Let s(o) = 447*o**2 - 32*o + 282. Is s(7) composite?
False
Let a(t) = 179784*t**2 - 8*t - 19. Is a(-3) composite?
True
Let j(t) = -9*t**2 + 2*t**2 - 44*t + 10 + 30*t**2. Is j(33) a composite number?
True
Suppose 2*z = -5*c + 58463, -34*c - 29231 = -z - 37*c. Suppose -3*q + h + 31735 = 0, 2*q - 4*h - z = -8064. Is q a composite number?
True
Let y(b) = 415*b**3 - b + 1. Let d be y(1). Suppose 5*t - 2*t = -6, 3*s = 2*t + 775. Let c = d - s. Is c a prime number?
False
Let h = -248 + 246. Let j(v) = -9948*v + 65. Is j(h) a prime number?
True
Is (-1)/(-1)*(63/(-7) - -20422) composite?
True
Let f(b) = 10*b**2 + 11*b**3 - 20*b + 10 - 15*b**3 + 5*b**3. Is f(-11) a prime number?
True
Let w = 5173 + 206994. Is w a composite number?
False
Let n be 34874 - 31 - (3 - -1). Suppose 25*c + n = 125864. Is c prime?
False
Let c = 616224 + -86257. Is c a composite number?
True
Let x(q) = -36*q**3 + 4*q + 5. Let h(p) be the first derivative of p**2 + 12*p + 2. Let u be h(-8). Is x(u) composite?
False
Suppose 5*z + 3*j - 21639 = -2149, -3*j = 2*z - 7796. Let c = z - 72. Is c prime?
False
Let s be (-4)/(-10) + (5 - (-27)/(-5)). Suppose s = 4*t + 4*a - 19352, 14455 = 3*t - 5*a - 35. Is t a composite number?
True
Let q(d) = 13611*d**3 - 19*d**2 + 43*d + 25. Is q(4) a prime number?
True
Suppose 87*a - 8237681 - 11515930 = 0. Is a composite?
False
Suppose 2*j + 6 = -i + 4*j, 2*i + 2*j = 6. Suppose i*d = -5*d + 25. Suppose 1618 = d*s - 717. Is s a composite number?
False
Suppose -2*t - 2*d = -1996942, -21*t + 22*t = 11*d + 998471. Is t prime?
True
Suppose -42568 = -66*z + 83*z. Let x = z + 3865. Is x a prime number?
True
Let d(n) = 337*n**3 - 5*n**2 + 3*n - 5. Let j be d(5). Suppose -5*m - 2*k + j = 0, -3*m + 41990 = 2*m - 2*k. Is m/18 + 2/6 a prime number?
True
Suppose 74*q - 72*q = 4. Suppose 5*o = -q*p + 20247, 4*p + p - 12152 = -3*o. Is o composite?
False
Let w(h) = 24*h**2 + 9*h + 58. Suppose -7 = 22*i + 103. Is w(i) a prime number?
True
Suppose -4*p - 1 = k, -2*k + 4*p + 0*p = -46. Suppose -4*b + 5*n = -11, 3*b + 2*n = -n + k. Suppose -